alculate the remainder when v is divided by 11.
9
Suppose 10*d - 2*d - 96 = 0. Suppose 2*j - d = -2*t, t - 7 - 3 = -2*j. Suppose o + 5 = 0, 2*b + j*o - 82 = 84. Calculate the remainder when b is divided by 24.
21
Suppose 0*n = -3*n + 378. Suppose p = 2*p - n. Let u(l) = -l**3 - 13*l**2 - 41*l + 24. Calculate the remainder when p is divided by u(-8).
30
Suppose -a - 9 + 12 = 0. Calculate the remainder when (a + 3)/(3/30) is divided by 33.
27
Calculate the remainder when 240 is divided by ((-54)/(-5))/((-28)/(-70)).
24
Let u = 80 + 22. Suppose 24 + 46 = 5*a - 5*h, 3*h - u = -5*a. Calculate the remainder when 29 is divided by a.
11
Let w = -3 + 3. Suppose -10*s + 15*s - 220 = w. What is the remainder when s is divided by 16?
12
Let f = 62 - 25. Let y = -9 - -9. Suppose -10 = -y*h - h. What is the remainder when f is divided by h?
7
Suppose 2*x = 4*u + 192, 112 = 5*x + 5*u - 323. Calculate the remainder when 534 is divided by x.
84
Suppose 3*x - 30 = 5*x. Let j = x - -20. Let a(o) = o**2 - 3*o - 5. What is the remainder when a(j) is divided by 2?
1
Suppose -5*o = -3*k - 2000, 9*k = -o + 13*k + 383. Calculate the remainder when o is divided by 37.
33
Suppose -74 + 304 = 10*u. What is the remainder when 172 is divided by u?
11
Let b(x) = 11*x - 47. Let y(s) = 5*s - 24. Let g(l) = 3*b(l) - 7*y(l). What is the remainder when g(0) is divided by 0 + (1 - -1) + 5?
6
Suppose -276 = -0*k - 2*k. Let i = 171 - 157. Calculate the remainder when k is divided by i.
12
Let z(i) = 7*i + 17. Let g be z(8). Suppose 6*h = 5 + g. Calculate the remainder when h is divided by 5.
3
Suppose 9 = -3*z + 4*z - p, 0 = p + 1. Suppose 6*y = z*y - 10. What is the remainder when 16 is divided by y?
1
Suppose 967*v = 955*v + 1140. Let n be (-3)/6 - (-162)/4. Let r = n - 16. Calculate the remainder when v is divided by r.
23
Let d be (-2)/2 - 84/(-12). What is the remainder when 100 is divided by -1*d/((-6)/17)?
15
Suppose 0 = c - 10 - 6. Suppose -11*x + c*x = 105. Calculate the remainder when 40 is divided by x.
19
Suppose 0 = -4*a + 3*a - 7. Let y = a - -11. Suppose 6*p - 5*p = 2. What is the remainder when y is divided by p?
0
Suppose 0*c - 2*c = -2*d, 4*d = 5*c. Suppose c = 4*s - 83 + 19. Suppose -1 = 3*p - 2*b + 6*b, 4*p + b = s. Calculate the remainder when 14 is divided by p.
4
Let v = 255 + -162. Calculate the remainder when v is divided by 19.
17
Calculate the remainder when 81 is divided by (-22)/(-4) + -2 - (-10)/(-20).
0
Let k be 0 + ((-84)/9)/((-8)/228). Suppose -7*c + k = -5*c. Calculate the remainder when c is divided by 34.
31
Let h(t) = -2*t. Suppose 0 = -6*j + 7*j. Suppose -3*l + 0*l - 33 = j. What is the remainder when 43 is divided by h(l)?
21
Suppose -4*j - 4*c = -48, 2*j = -j + c + 12. Suppose m - 2*m + 2 = 0. Calculate the remainder when j is divided by m.
0
Let o(z) = -z**3 - 5*z**2 - 10*z - 21. Let b be (-2 - -4) + (-1 - -1). Suppose -i + 3 = b*i. Calculate the remainder when o(-4) is divided by i.
0
Let q be 175/21 - 2/6. Suppose -6*i + q = -4*i. What is the remainder when 12 is divided by i?
0
Let u = 4 + -4. Suppose u = -5*j - 4*s + 63, 0 = 4*j - j - 5*s - 60. Calculate the remainder when 74 is divided by j.
14
Let g = -1103 - -1117. What is the remainder when 42 is divided by g?
0
Suppose 5*t + 5*l + 9 = l, -l = -3*t - 19. Let c be 1/(-1*1/t). Suppose -4*z - 19 = -c*z. Calculate the remainder when 73 is divided by z.
16
Let v = 336 - -38. What is the remainder when v is divided by 75?
74
Let u(v) = -3*v + 3. Let b be u(4). What is the remainder when 37 is divided by (32/(-6) - -3)*(b + 3)?
9
Suppose d - 6 = -9. Let m(t) = -t**2 - 2. Let y be m(d). Let f = y + 24. Calculate the remainder when 50 is divided by f.
11
Let b = -2 + 76. Suppose -3*c + 2*w + 2*w - 79 = 0, 5*c = 5*w - 140. Let q = b + c. Calculate the remainder when q is divided by 21.
20
Let p(z) = 12*z**2. Let i(f) = -f + 1. Let d be i(2). Let u = -73 - -78. Calculate the remainder when p(d) is divided by u.
2
Let w(t) = -8*t**3 - 3*t - 2. Let a be w(-1). Calculate the remainder when 123/a + (-4)/6 is divided by 3.
1
Let l(b) = 2*b**2 - 2*b - 9. Let v be (-16)/(-80) + (-34)/(-5). Let r be l(v). Suppose 137 + r = 4*a. What is the remainder when a is divided by 14?
11
Suppose 4984 = 49*w + 40*w. Calculate the remainder when 177 is divided by w.
9
Let k be (4/(-5))/((-4)/130). Suppose 0 = -2*q + 4, 3*u + 3 - k = -q. Calculate the remainder when 20 is divided by u.
6
What is the remainder when ((-93)/(-6)*-1)/(3/(-6)) is divided by 26?
5
Suppose 6*x + 16 = 8*x. Suppose 2*m + 0*m = 10. Suppose 8 = -m*d + 33. What is the remainder when x is divided by d?
3
Let h(m) = -15 + 10*m + m - 7*m. What is the remainder when 17 is divided by h(6)?
8
Let d(w) = 7*w + 54 + 21 - 3. What is the remainder when d(0) is divided by 20?
12
Suppose c - 13 = 2*j, 2*c + 12 = 4*c + 3*j. What is the remainder when 83 is divided by c?
2
Suppose 97*v - 3355 = 96*v. Suppose -2*q = -13*q + v. Calculate the remainder when q is divided by 51.
50
Let q be (-15)/(-6)*((-204)/15)/(-1). Let h = q - 20. Calculate the remainder when 69 is divided by h.
13
Let r be (-1 - -11)/2 + 32. Let x = -18 + r. Calculate the remainder when 92 is divided by x.
16
Suppose 4*z - 36 = -4*a, -4 = 5*z - 24. Let b(c) = c - 10 - a*c + 1. Calculate the remainder when b(-8) is divided by 8.
7
Suppose 3*j - 26 = -c, 3*j - 104 = -5*c + j. Let l = c + -24. What is the remainder when 12*(l/3 + 2) is divided by 5?
3
Let f = -115 + 81. Let s = f + 45. Calculate the remainder when 28 is divided by s.
6
Suppose -48 = -3*w - i + 5*i, -4*w + 5*i = -63. Suppose -3*s = -2*s + 42. Let y = 88 + s. What is the remainder when y is divided by w?
10
Let x(v) = -v**3 - 4*v**2 - 4*v - 3. Let w be x(-3). Let t be (-3)/(-1) - w/10. Suppose t + 1 = u. What is the remainder when u is divided by 3?
1
Let o = 41 + -47. Let c = 48 + o. Calculate the remainder when c is divided by 11.
9
Let o be 68/6 + (-2)/(-3). Let l(r) = -2*r - 46. Let v be l(-23). Suppose v = -y - y + o. What is the remainder when 22 is divided by y?
4
Let i = -276 - -313. Suppose 0*f = -4*f + 80. Calculate the remainder when i is divided by f.
17
Let j be 2*-9*(-15)/45. Suppose 11*u = j*u. Suppose -i - 175 = -5*q, 4*q - i + 2*i - 131 = u. What is the remainder when 67 is divided by q?
33
Let c(h) = -89*h**3 + h**2 - 3*h - 3. Calculate the remainder when c(-1) is divided by 25.
15
Suppose -16*z + 20*z - 8 = 0, -4*i - 5*z + 5350 = 0. Calculate the remainder when i is divided by 7.
5
Let i(g) = -g**3 + 3*g**2 + 2. Let w be i(3). Suppose -w*v = 7 + 3. Let x = v - -8. Calculate the remainder when 5 is divided by x.
2
Let r = -17 + 30. Let f(p) = -p**2 - 12*p + 36. What is the remainder when f(0) is divided by r?
10
Let h = 18 + -10. Let g(b) = -b**2 + 9*b + 6. Calculate the remainder when (-2 + 3 - -39)/1 is divided by g(h).
12
What is the remainder when 4/12 - 2630/(-30) is divided by 10?
8
Suppose 3*u - 8*u + 330 = 0. Suppose -6*z + 30 = -u. What is the remainder when 47 is divided by z?
15
Let r(w) = -3*w**2 + 197*w + 41. What is the remainder when 1367 is divided by r(65)?
170
Let s(m) be the first derivative of m**3/3 + 7*m**2/2 + 12*m + 54. Calculate the remainder when s(-5) is divided by 2/(-6) + (-8)/(-6).
0
Suppose -17*u = -280 - 349. Calculate the remainder when 68 is divided by u.
31
Suppose -553 = -269*k + 262*k. What is the remainder when k is divided by 40?
39
Let z = 3 - 1. Suppose c + t = -z*c + 269, -2*c = t - 181. What is the remainder when c is divided by ((-30)/25)/(-3 - 74/(-25))?
28
Let q = -16 - -18. Suppose 135 = y - q. Let c = y - 69. Calculate the remainder when c is divided by 23.
22
Suppose 2*t = 2*q + 110, 0*q = -t - q + 51. Calculate the remainder when 423 is divided by t.
52
Let m(f) = f**3 - 12*f**2 - 34*f - 23. Calculate the remainder when m(15) is divided by 9.
7
Suppose 11*t - 647 = 728. Calculate the remainder when t is divided by 9.
8
Let a = 3 + -5. What is the remainder when 5 is divided by (-7)/(21/12)*a/4?
1
Suppose 0 = -0*u - u + 5. Let d(o) = 1 + 4 - o - u. Calculate the remainder when 38 is divided by d(-10).
8
Suppose -4*a = -4*r - 585 + 233, -15 = -5*r. What is the remainder when a is divided by 11?
3
Suppose -58*r + 10296 = -19*r. What is the remainder when r is d